et m(h) = -6*h**3 + 97*h**2 - 185*h + 42. Calculate m(14).
0
Let m(q) = -17*q**2 - 32*q + 27. Give m(0).
27
Let l(d) = 13*d**2 + 83*d - 80. Determine l(-7).
-24
Let j(t) = -2*t**2 + 23*t - 35. Determine j(8).
21
Let l(z) = 2*z**3 + 88*z**2 + 246*z + 10. Give l(-41).
10
Let q(t) = 24*t**2 - 103*t + 30. What is q(4)?
2
Let z(y) = 2*y**2 + 19*y - 17. Give z(-17).
238
Let f(h) = -h**3 - 36*h**2 - 201*h + 55. Determine f(-29).
-3
Let z(o) = -5*o**3 + 86*o**2 + 170*o + 13. Give z(19).
-6
Let z(h) = -3*h**2 - 2*h + 105. Determine z(-7).
-28
Let n(c) = -3*c**3 + 5*c**2 - 15. Give n(-4).
257
Let y(k) = -k**3 - 452*k**2 - 39839*k + 120. Give y(-120).
0
Let g(l) = -201*l + 29752. Give g(148).
4
Let n(k) = -k**3 - 69*k**2 - 259*k + 82. Give n(-65).
17
Let n(h) = -2*h**3 + 42*h**2 - 9*h + 182. Calculate n(21).
-7
Let h(z) = 62*z - 987. Calculate h(16).
5
Let g(w) = -2*w + 86. Determine g(44).
-2
Let t(c) = 2*c**3 + 24*c**2 - 60*c - 440. Determine t(-13).
2
Let m(z) = 18*z - 175. Give m(-13).
-409
Let j(k) = 5*k + 45. Calculate j(-7).
10
Let z(t) = -152*t - 1222. Give z(-8).
-6
Let l(w) = w**3 + 61*w**2 + 263*w - 820. What is l(-56)?
132
Let v(i) = -i**2 + 13*i + 232. Determine v(23).
2
Let w(s) = 3*s**3 + 3*s**2 + 64*s + 264. Determine w(-4).
-136
Let d(w) = -26*w + 217. Determine d(8).
9
Let r(y) = -19*y + 622. Give r(45).
-233
Let h(x) = -13806*x + 165675. Calculate h(12).
3
Let x(l) = 461*l - 11530. What is x(25)?
-5
Let y(o) = -o**2 + 6*o + 19. Calculate y(6).
19
Let z(f) = f**2 + 111*f + 813. Give z(-7).
85
Let w(r) = 2*r**2 + 30*r - 164. Give w(-19).
-12
Let s(u) = u**3 + 37*u**2 - 5*u - 143. Calculate s(-37).
42
Let k(o) = -66*o - 206. What is k(-3)?
-8
Let a(s) = 20*s + 745. What is a(-36)?
25
Let r(q) = -2*q**3 - 12*q**2 + 61*q - 27. Give r(-9).
-90
Let b(s) = 10*s**2 + 416*s + 239. What is b(-41)?
-7
Let a(p) = 43*p**3 - 5*p**2 - 3*p + 1. Calculate a(1).
36
Let t(c) = -130*c - 7. Determine t(1).
-137
Let q(i) = -70*i - 169. What is q(-3)?
41
Let b(a) = 248*a - 26257. What is b(106)?
31
Let b(r) = r**3 - 12*r**2 + 20*r - 42. Calculate b(9).
-105
Let w(m) = -206*m - 846. Determine w(-5).
184
Let a(y) = -2*y**2 - 2*y + 4. Determine a(4).
-36
Let a(d) = -d**2 - 106*d + 1813. Calculate a(-121).
-2
Let u(h) = 41*h + 3503. What is u(-86)?
-23
Let p(w) = 3*w**3 - 21*w**2 + 19*w - 127. What is p(7)?
6
Let o(l) = -570*l - 3999. What is o(-7)?
-9
Let c(r) = 2*r**3 + 33*r**2 + 17*r - 39. Calculate c(-16).
-55
Let r(n) = n**2 - 23*n + 55. Give r(14).
-71
Let m(j) = -j**3 - 89*j**2 - 254*j + 353. Calculate m(-86).
9
Let h(t) = 110*t**3 + t**2 + 7*t + 7. Give h(-1).
-109
Let t(y) = -23*y - 366. Determine t(-17).
25
Let q(u) = 20*u + 283. Give q(-12).
43
Let b(s) = -192*s + 742. Calculate b(7).
-602
Let w(y) = y**3 - 39*y**2 + 279*y + 115. What is w(10)?
5
Let i(g) = 6*g**2 + 47*g - 8. What is i(-8)?
0
Let k(j) = 91*j - 612. Give k(6).
-66
Let c(b) = 45*b + 3115. What is c(-72)?
-125
Let z(m) = 182*m + 570. Determine z(-9).
-1068
Let c(s) = -2*s**2 + 35*s + 179. What is c(30)?
-571
Let d(h) = -h**3 - 20*h**2 + 2*h - 57. Calculate d(-20).
-97
Let i(b) = -b**3 - 34*b**2 - 169*b - 4. Determine i(-6).
2
Let k(u) = u**3 - 10*u**2 + 12*u - 70. Calculate k(11).
183
Let m(u) = -294*u - 291. Determine m(-1).
3
Let v(f) = -3*f - 26. Determine v(-24).
46
Let l(v) = 3*v**3 - 30*v**2 + 27*v + 9. Determine l(8).
-159
Let p(n) = n**2 - 19*n + 66. Calculate p(4).
6
Let i(d) = -2*d**3 - 19*d**2 - 26*d + 7. Determine i(-8).
23
Let g(p) = 39*p**2 - 423*p - 64. Determine g(11).
2
Let b(s) = 462*s - 2245. Calculate b(6).
527
Let c(z) = -z**3 - 34*z**2 - 286*z - 28. Determine c(-19).
-9
Let g(a) = a**2 - 55*a + 501. What is g(44)?
17
Let r(y) = 3153*y - 3149. Calculate r(1).
4
Let b(t) = 7*t**3 - 12*t**2 + 15*t - 3. Give b(1).
7
Let u(d) = -2*d**3 + 58*d**2 + 123*d + 31. Give u(31).
0
Let l(t) = -12*t**2 + 870*t + 53. Determine l(73).
-385
Let s(b) = -19*b**2 + 236*b - 10. Calculate s(13).
-153
Let s(i) = i**3 - 43*i**2 - 226*i + 4026. Determine s(46).
-22
Let q(u) = 2*u**2 + 54*u - 380. Give q(6).
16
Let u(k) = -k**2 - 9*k + 766. What is u(-33)?
-26
Let a(c) = 96*c**2 + 477*c + 14. Give a(-5).
29
Let k(f) = -127*f + 4138. What is k(32)?
74
Let d(s) = 306*s - 1222. Give d(4).
2
Let o(x) = -315*x + 1401. What is o(6)?
-489
Let d(b) = -b**3 + 26*b**2 - 22*b - 69. Calculate d(25).
6
Let a(g) = 14*g + 1458. Give a(-112).
-110
Let j(r) = r**2 + 12*r + 30. Calculate j(-5).
-5
Let u(n) = 5*n**2 + 24*n + 104. Give u(-5).
109
Let z(x) = 183*x + 82. Calculate z(2).
448
Let p(o) = -o**3 + 48*o**2 - 54*o + 203. What is p(47)?
-126
Let g(i) = i**3 + 12*i**2 + 42*i + 54. Determine g(-5).
19
Let b(r) = -2*r**3 - 6*r**2 + 220*r + 37. Calculate b(-12).
-11
Let n(w) = -11*w**2 - 82*w + 14. What is n(-5)?
149
Let x(w) = 100*w - 389. What is x(4)?
11
Let y(j) = -j**3 + 10*j**2 + 28*j + 26. Calculate y(9).
359
Let y(j) = 5*j**3 + 523*j**2 - 213*j - 323. Give y(-105).
-8
Let a(r) = 89*r + 7339. Determine a(-83).
-48
Let l(h) = h**3 - 41*h**2 - 2*h + 72. Give l(41).
-10
Let p(m) = 70*m - 40114. What is p(573)?
-4
Let c(t) = -t**3 + 109*t**2 + 126*t - 1759. Give c(110).
1
Let p(i) = i**2 - 7*i. What is p(11)?
44
Let n(c) = 9*c - 177. Give n(31).
102
Let o(b) = -2*b**2 + 150*b - 23. Determine o(75).
-23
Let s(b) = 23*b + 232. Calculate s(-14).
-90
Let z(x) = 12386*x - 61923. Calculate z(5).
7
Let p(r) = 78*r - 1274. Calculate p(15).
-104
Let v(s) = 3*s**3 - 15*s**2 - 35*s + 49. Calculate v(7).
98
Let t(u) = 43*u - 51. Calculate t(2).
35
Let s(g) = 38*g - 111. Give s(3).
3
Let a(v) = v**3 + 8*v**2 - v - 20. Calculate a(-9).
-92
Let v(g) = -g**3 + 2*g**2 - 16*g + 47. Give v(4).
-49
Let m(z) = -284*z**2 + 1133*z + 3. Calculate m(4).
-9
Let i(g) = -955*g + 76398. Determine i(80).
-2
Let t(a) = 36*a - 23. Calculate t(1).
13
Let i(q) = -17*q - 101. Give i(-6).
1
Let a(v) = -v**3 - 41*v**2 - 649*v - 29019. Give a(-42).
3
Let y(p) = -p**2 + 62*p - 742. Calculate y(46).
-6
Let k(a) = a**3 + 173*a**2 + 836*a - 714. What is k(-168)?
-42
Let m(j) = j**2 + 633*j + 11. Give m(0).
11
Let m(l) = 15*l**3 - 10*l**2 - 19*l - 9. Calculate m(-1).
-15
Let z(k) = -47*k**2 - 236*k - 235. Give z(-1).
-46
Let b(v) = 17*v**2 + 463*v + 1385. Determine b(-3).
149
Let f(v) = -v**2 - 2955*v + 26687. Give f(9).
11
Let t(i) = -i**3 + 24*i**2 - 135*i - 84. Determine t(11).
4
Let z(n) = -n**2 + 163*n - 480. What is z(3)?
0
Let m(v) = -2*v**2 + 128*v + 985. Determine m(-7).
-9
Let y(h) = 4*h - 358. What is y(11)?
-314
Let n(b) = b**3 - 22*b**2 + 19*b - 19. Calculate n(21).
-61
Let z(m) = -2*m**3 + 8*m**2 + 955*m + 123. Determine z(24).
3
Let j(p) = -p**3 + 86*p**2 - 83*p - 123. What is j(85)?
47
Let v(a) = -446*a**2 - 7590*a - 8. What is v(-17)?
128
Let a(w) = -9*w**2 + 108*w - 100. Determine a(11).
-1
Let y(h) = -h**3 + 8*h**2 - 101*h + 427. Calculate y(5).
-3
Let n(v) = 3053*v - 33. Determine n(0).
-33
Let k(y) = 6*y + 521. What is k(-96)?
-55
Let p(j) = 6*j**2 - 251*j - 1111. Calculate p(-4).
-11
Let a(z) = -45*z**2 + 22*z + 2. Calculate a(-2).
-222
Let r(p) = 6*p**2 + 3714*p - 7428. What is r(2)?
24
Let b(a) = 51*a - 587. Give b(12).
25
Let x(c) = c**2 - 15*c - 212. Determine x(-8).
-28
Let v(w) = 47*w**2 + 96*w + 293. Calculate v(-3).
428
Let y(p) = p**2 + 20*p + 1. What is y(-20)?
1
Let a(t) = t**3 + 37*t**2 + 103*t + 142. Determine a(-34).
108
Let y(p) = p**2 - 67*p + 146. Calculate y(64).
-46
Let n(v) = -5*v**2 + 60*v - 43. Calculate n(10).
57
Let y(p) = -4*p**2 - 29*p + 214. What is y(-13)?
-85
Let c(u) = -168*u + 998. Calculate c(6).
-10
Let w(v) = 2*v**2 - 1246*v - 19129. Calculate w(-15).
11
Let t(i) = 18*i + 232. Determine t(-16).
-56
Let n(z) = z**3 + 16*z**2 + 2*z + 106. Give n(-16).
74
Let c(w) = 26*w - 314. Determine c(10).
-54
Let d(m) = 328*m - 6562. Determine d(20).
-2
Let b(t) = 2*t - 56. Give b(3).
-50
Let r(x) = -x - 33. What is r(-34)?
1
Let g(u) = -253*u + 253. Determine g(1).
0
Let g(n) = -375*n + 741. Give g(2).
-9
Let f(i) = -2*i**2 - 80*i + 57. Give f(-39).
135
Let y(c) = -6*c**2 - 30*c + 222. Determine y(-9).
6
Let z(h) = -h**3 - 28*h**2 - 75*h - 22. Calculate z(-25).
-22
Let u(z) = -128*z + 1084. What is u(8)?
60
Let b(k) = -9*k**2 + 246*k - 88. Calculate b(27).
-7
Let c(u) = -196*u**2 + 72*u + 73. Give c(-1